16
Calculate the remainder when (-955)/(-7) + (-40)/28 + 1 is divided by 29.
20
What is the remainder when 618 is divided by -4 + 77 - (-23 - -27)?
66
Let k(y) = 39*y + 5. Let a be k(-1). Let l = 39 - a. Calculate the remainder when l is divided by 25.
23
Suppose -4*b = 235 - 1439. Suppose b = 6*l - 53. What is the remainder when l is divided by 21?
17
Let u = 34 - 32. Suppose 6*v = 8*v + 3*i, -u*v + 3*i = -24. What is the remainder when 19 is divided by v?
1
Let d(j) = j - 16 - 7*j**2 + 0*j - j**3 + 8*j. What is the remainder when d(-9) is divided by 34?
31
Suppose -204 = -3*n + 3*h, 4*h + 25 = -h. Calculate the remainder when 248 is divided by n.
59
Let f(o) = 20*o + 11 - 11 - 60 - 37. Calculate the remainder when (-1 - -89) + 2/2 is divided by f(6).
20
Suppose -15*q + 10*q = -5. Let w = -2 - -17. Calculate the remainder when 1 + q + (-280)/(-5) is divided by w.
13
Let p(f) = -f**2 + 10*f - 4. What is the remainder when 31 is divided by p(4)?
11
Suppose -4*f + f = -l + 2, 0 = -4*l + 5*f + 15. Suppose -l*n + 162 = -233. What is the remainder when n is divided by 9?
7
Let t(g) be the first derivative of g**4/2 + g**3/3 - g**2 + g - 35. Suppose 4*u = -12, 5*l - 5*u - 8 = -4*u. Calculate the remainder when 4 is divided by t(l).
0
Let p(s) = -12*s - 7. Suppose 5*o - 22 + 2 = 0. Suppose 0 = -0*h + 2*h + o. Calculate the remainder when 32 is divided by p(h).
15
Calculate the remainder when 85 is divided by ((-50)/4 - -1)/((-52)/104).
16
Suppose 677 + 483 = 8*w. What is the remainder when w is divided by 42*(18/4)/9?
19
Suppose 0 = t + 2*h - 26, 7*h + 21 + 31 = 2*t. Let p(b) = -126*b + 1. What is the remainder when p(-1) is divided by t?
23
Let d be -2 - (-2*6 + -4). What is the remainder when 17 is divided by (16 - d)/(4/26)?
4
Suppose 6*k + 1 = 2*k - 3*z, k = -3*z - 7. Suppose k*l - 7*l = -245. Calculate the remainder when l is divided by 3/(9/6)*13.
23
Suppose -x + 30 = 2*x. Let a = 4 - -3. What is the remainder when x is divided by a + -4*(-2)/(-2)?
1
Suppose 3*u - 88 = 140. What is the remainder when u is divided by 22?
10
Let r = 1 - 0. Calculate the remainder when (r/2)/(2/20) is divided by ((-252)/(-126))/((2/(-8))/((-6)/16)).
2
Let l = -69 - -79. Calculate the remainder when 86 is divided by (-4)/l + (-2387)/(-155).
11
Suppose 0 = -0*t - 3*t - 12. What is the remainder when 110 is divided by (-915)/(-25) - t/10?
36
Let h(l) = l - 21. Let x be 13/(-13)*34/(-2). Let y be h(x). Calculate the remainder when 62 is divided by ((-40)/y - -3)*1.
10
Let d = -781 - -889. What is the remainder when 755 is divided by d?
107
Let z(y) = -y + 35. Calculate the remainder when z(-10) is divided by 15.
0
Suppose 2*l - 5*l - 5*d + 465 = 0, 2*l - 2*d = 310. What is the remainder when l is divided by (1 - 0) + 0 - (-40 + -12)?
49
Let o = 6 - 10. Let z = 10 + o. Suppose 0 = z*t - 4*t - 126. What is the remainder when t is divided by 22?
19
Suppose 340 + 668 = 48*d. Suppose 4*f + x - 323 = 0, 4*f + 4*x - 77 = 3*f. Calculate the remainder when f is divided by d.
18
Suppose 20*f + 318 = 73*f. What is the remainder when 663 is divided by f?
3
Suppose 0 = p, 3*v + 36 = 6*v - 4*p. Let k(w) = w. Let h(y) = y**2 + 2*y - 3. Let c(i) = h(i) - 4*k(i). Calculate the remainder when c(6) is divided by v.
9
Calculate the remainder when 2 + (-21)/(-7) + 3 + 223 is divided by 5.
1
Let k = -59 - -54. Let v(m) = m**3 + 5*m**2 + 34. Calculate the remainder when v(k) is divided by 19.
15
Let d = 13 - -2. Let r(q) = -q + 1. Let i be r(-2). Suppose -8*y - b = -4*y - 171, 0 = i*y - b - 130. What is the remainder when y is divided by d?
13
Suppose 4*o + 67 = 5*o. Suppose -z - 4*q = q - o, 3*z = 5*q + 101. Calculate the remainder when z is divided by 15.
12
Let m(n) = n - 4. Let w be m(2). What is the remainder when ((-19)/(-38))/(w/(-376)) is divided by 16?
14
Let r = -305 - -205. Calculate the remainder when 39 is divided by r/15*12/(-10).
7
Let n(r) = -r**2 + 17*r - 17. Calculate the remainder when 587 is divided by n(11).
48
Let w(z) = -4*z**3 + 36*z**2 + 8*z - 56. Suppose 0 = -5*m - x - 3*x + 394, 3*x = m - 75. Calculate the remainder when m is divided by w(9).
14
Suppose -80 = -13*v - 28. Calculate the remainder when 39 is divided by v.
3
Let h(r) = -56*r - 3. What is the remainder when h(-2) is divided by 392/147*63/6?
25
Let t = -16 - -25. Suppose 6*g - 104 = 16. Suppose 0 = -23*d + g*d + 45. What is the remainder when d is divided by t?
6
Let a(s) = -s**3 - 5*s**2 - 4*s. Let n be a(-4). Suppose 4*d - 2*d + 24 = n. Let c = d + 24. Calculate the remainder when 46 is divided by c.
10
Suppose -4*q + w + 80 - 19 = 0, 3*q + 4*w = 41. Calculate the remainder when 223 is divided by q.
13
Suppose 2*x = -2*k + 94 + 96, 3*x = 5*k - 491. Suppose 384 = -5*t - 3*t. Let h = t + k. What is the remainder when h is divided by 17?
15
Let p(t) = 24*t**3 + t - 2. Let c be p(1). Suppose -303 = -5*g - 5*k - c, 0 = 3*g - k - 160. What is the remainder when g is divided by 19?
16
Suppose -9*w = -10 - 8. Suppose w*g = -3 + 53. Suppose -3*m = -3*x - 14 - 16, -2*x + 6 = 0. Calculate the remainder when g is divided by m.
12
Let v(t) = -t**2 - 15*t. Let z be v(-15). Suppose 0*i + i - 3 = z. Calculate the remainder when i is divided by 3.
0
Let t = 14823 - 14813. What is the remainder when (-246)/(-9) + (-4)/(-6) is divided by t?
8
Let a(p) be the first derivative of 3*p**2/2 - 27*p + 9. Calculate the remainder when 78 is divided by a(12).
6
Suppose -2*c = c - 5*r - 83, 0 = 5*c - 2*r - 113. Suppose 0 = -108*t + 113*t - 185. Calculate the remainder when t is divided by c.
16
Let g(t) = 98*t**3. Let y(r) = 8*r - 15. Calculate the remainder when g(1) is divided by y(6).
32
Let x = 160 - 114. Calculate the remainder when x is divided by -6 + 4/1 + 18.
14
Suppose 12*h - 72 = 4*h. Calculate the remainder when 60 is divided by h.
6
What is the remainder when 100 is divided by 12 + -4*(42/24 - 2)?
9
Suppose 0 = -2*d - 4*f - 35 + 239, 5*d - 480 = -4*f. What is the remainder when 263 is divided by d?
79
Let n = 245 - 224. Let i = -13 + 19. What is the remainder when n is divided by i?
3
Let m(s) = -s + 8. Suppose 0 = -4*l + k - 51 + 4, 0 = -4*k - 4. Suppose -2*z = -z - 7. What is the remainder when m(l) is divided by z?
6
Let v = -411 + 431. Let h = -26 + 145. Let t = h - 61. Calculate the remainder when t is divided by v.
18
Suppose 0 = 16*t - 37 - 75. What is the remainder when 102 is divided by t?
4
Let v = 30 + -23. Suppose 4*z - 77 = -v*z. Calculate the remainder when z is divided by 3.
1
Let h(a) = 2*a**3 + 9*a**2 - 9*a - 7. Let d be 5/((-3)/((-12)/(-20)) + 4). Calculate the remainder when 64 is divided by h(d).
12
Let w(y) = y**2 + 5*y + 10. Let z be w(-9). Let f = z - 16. What is the remainder when 59 is divided by f?
29
Suppose -q + 4*q = -15. Let j(n) = -n**3 - 4*n**2 + 5*n + 3. Let d be j(q). Suppose -d*s + 350 = 2*s. What is the remainder when s is divided by 24?
22
Let w(m) be the first derivative of -6*m**2 - 5*m + 25. What is the remainder when w(-1) is divided by 3?
1
Suppose 2*w - 24 = -4*w. Suppose -d = w*d - 45. What is the remainder when d is divided by 4?
1
Let f = 109 - 149. What is the remainder when (7 - 1)*(6 - f/15) is divided by 8?
4
Suppose 3*w + 3*w - 252 = 0. Calculate the remainder when w is divided by 10.
2
Suppose a - 2 = 0, -4*z - a + 146 = 40. What is the remainder when (-1 - -102) + 0/(-2) is divided by z?
23
Let f = 56 + -28. Suppose 719*b - 48 = 711*b. What is the remainder when f is divided by b?
4
Let q(r) = r**2 + 3*r + 2. Let w be q(-4). Suppose -w*s + 3*s = -15. Suppose -109 = -s*k - 4. Calculate the remainder when k is divided by 11.
10
Let b = -537 - -597. What is the remainder when 205 is divided by b?
25
Suppose 2*x - 51 = x + t, 0 = -x - 3*t + 55. Let b = 91 - x. What is the remainder when b is divided by 7?
4
Suppose 0 = -2*q - l + 80, 0 = -4*q + l + 2*l + 160. Suppose 2*s = -3*s + q. What is the remainder when ((-12)/s)/(6/(-200)) is divided by 13?
11
Suppose 0*p + 2*k + 40 = 2*p, -3*k - 81 = -4*p. Suppose d - 18 = -6. What is the remainder when p is divided by d?
9
Let j(h) = h**3 - 4*h + 1 + 6*h**2 - 6*h**3 + 4*h**3. Let v(p) = -p**3 + 4*p**2 + 7*p - 6. Let f be v(5). What is the remainder when 33 is divided by j(f)?
16
Let a = 1 + 1. Suppose -105 = -a*n - 3*n. S